False
Is 87 a factor of 5307?
True
Is 9 a factor of 926?
False
Does 16 divide 2945?
False
Does 4 divide 260?
True
Is 383 a multiple of 20?
False
Is 1384 a multiple of 19?
False
Is 302 a factor of 28705?
False
Is 12 a factor of 336?
True
Is 11 a factor of 8558?
True
Does 84 divide 588?
True
Does 16 divide 13508?
False
Is 2486 a multiple of 11?
True
Is 3472 a multiple of 31?
True
Does 6 divide 39?
False
Is 299 even?
False
Does 52 divide 9568?
True
Does 5 divide 7735?
True
Is 2551 a multiple of 74?
False
Does 194 divide 17266?
True
Does 164 divide 4592?
True
Does 76 divide 17936?
True
Is 60 a multiple of 5?
True
Is 5411 a multiple of 30?
False
Is 3 a factor of 135?
True
Is 141 a factor of 17544?
False
Does 10 divide 1330?
True
Does 13 divide 148?
False
Does 307 divide 53418?
True
Does 33 divide 23727?
True
Is 1911 a multiple of 13?
True
Is 387 a multiple of 5?
False
Is 11067 a multiple of 50?
False
Is 5373 a multiple of 2?
False
Is 455 a multiple of 8?
False
Does 2 divide 18?
True
Is 185 a multiple of 48?
False
Is 778 a multiple of 30?
False
Does 62 divide 620?
True
Is 40178 a multiple of 14?
False
Is 186 a multiple of 6?
True
Is 13 a factor of 3623?
False
Is 9503 a multiple of 17?
True
Does 5 divide 72?
False
Does 27 divide 7622?
False
Is 18 a factor of 17856?
True
Is 11319 a multiple of 96?
False
Is 6921 a multiple of 12?
False
Is 99076 a multiple of 62?
True
Does 8 divide 49672?
True
Does 11 divide 4664?
True
Is 8631 a multiple of 63?
True
Is 41480 a multiple of 68?
True
Is 1588 a multiple of 8?
False
Is 5746 a multiple of 26?
True
Is 12 a factor of 840?
True
Does 21 divide 61572?
True
Is 12 a factor of 209?
False
Is 104 a factor of 36608?
True
Is 1361 a multiple of 27?
False
Does 134 divide 23048?
True
Is 6678 a multiple of 27?
False
Is 22 a factor of 946?
True
Is 11 a factor of 1669?
False
Is 275 a multiple of 4?
False
Is 415 even?
False
Is 54 a multiple of 9?
True
Is 20 a factor of 420?
True
Does 9 divide 2403?
True
Is 13674 a multiple of 29?
False
Is 350 a multiple of 9?
False
Is 89 a factor of 534?
True
Is 36477 a multiple of 189?
True
Is 23 a factor of 5773?
True
Does 10 divide 152?
False
Is 27 a factor of 5967?
True
Is 36972 a multiple of 79?
True
Does 39 divide 14226?
False
Is 151 a multiple of 15?
False
Is 380 a multiple of 20?
True
Is 34 a factor of 1823?
False
Is 91 a factor of 78260?
True
Is 23 a factor of 279?
False
Does 223 divide 73899?
False
Does 7 divide 893?
False
Is 42 a factor of 3798?
False
Is 3283 a multiple of 13?
False
Is 6042 a multiple of 159?
True
Does 14 divide 454?
False
Is 80 a factor of 5124?
False
Is 10 a factor of 60?
True
Is 15 a factor of 405?
True
Is 13 a factor of 2702?
False
Does 2 divide 762?
True
Is 91 a factor of 4114?
False
Is 5 a factor of 330?
True
Is 347 a multiple of 3?
False
Is 8 a factor of 35776?
True
Does 5 divide 26168?
False
Is 12 a factor of 149?
False
Is 3960 a multiple of 44?
True
Is 13 a factor of 2665?
True
Is 1604 a multiple of 14?
False
Does 14 divide 5110?
True
Is 23 a factor of 107803?
False
Does 17 divide 291?
False
Is 19 a factor of 855?
True
Does 222 divide 139194?
True
Is 4795 a multiple of 102?
False
Does 4 divide 6229?
False
Is 10263 a multiple of 20?
False
Does 38 divide 1710?
True
Does 28 divide 1316?
True
Is 32 a factor of 1664?
True
Is 2 a factor of 513?
False
Does 14 divide 672?
True
Is 12 a factor of 9850?
False
Is 17130 a multiple of 10?
True
Is 1506 a multiple of 14?
False
Does 5 divide 14758?
False
Is 14 a factor of 9006?
False
Is 114787 a multiple of 79?
True
Is 59 a factor of 507?
False
Does 13 divide 845?
True
Is 6763 a multiple of 20?
False
Does 26 divide 420?
False
Is 23 a factor of 2415?
True
Is 2 a factor of 26?
True
Is 2 a factor of 2358?
True
Is 19415 a multiple of 7?
False
Is 33 a factor of 28426?
False
Is 20720 a multiple of 40?
True
Is 27 a factor of 31021?
False
Is 27 a factor of 2727?
True
Is 44 a factor of 131884?
False
Is 49 a factor of 4824?
False
Does 4 divide 428?
True
Is 19 a factor of 1686?
False
Is 37 a factor of 166093?
True
Is 28 a factor of 5292?
True
Is 15 a factor of 332?
False
Is 85 a factor of 4250?
True
Is 45 a factor of 57195?
True
Does 3 divide 806?
False
Is 12 a factor of 798?
False
Is 1073 a multiple of 109?
False
Does 3 divide 567?
True
Does 2 divide 59?
False
Is 46 a factor of 552?
True
Does 125 divide 28893?
False
Is 19958 a multiple of 22?
False
Is 5480 a multiple of 38?
False
Does 25 divide 17150?
True
Is 1026 a multiple of 19?
True
Does 15 divide 690?
True
Does 34 divide 3963?
False
Is 50 a factor of 4050?
True
Is 132 a factor of 46999?
False
Does 105 divide 3253?
False
Does 67 divide 554?
False
Is 2380 a multiple of 5?
True
Is 8 a factor of 273?
False
Is 37 a factor of 1176?
False
Does 12 divide 11808?
True
Is 2054 a multiple of 6?
False
Is 191 a multiple of 10?
False
Is 56 a factor of 36995?
False
Does 41 divide 7389?
False
Is 362 a multiple of 51?
False
Does 94 divide 455?
False
Is 5406 a multiple of 106?
True
Does 11 divide 3302?
False
Does 13 divide 4992?
True
Is 13 a factor of 56509?
False
Does 19 divide 551?
True
Is 1404 a multiple of 4?
True
Is 5878 a multiple of 117?
False
Does 9 divide 351?
True
Is 30 a factor of 32105?
False
Is 20098 a multiple of 33?
False
Is 10 a factor of 15850?
True
Is 35834 a multiple of 51?
False
Is 13785 a multiple of 23?
False
Is 134 a multiple of 4?
False
Is 4 a factor of 4940?
True
Is 4 a factor of 15892?
True
Is 62 a factor of 6434?
False
Is 55 a factor of 33715?
True
Is 3224 a multiple of 31?
True
Is 3960 a multiple of 55?
True
Does 12 divide 366?
False
Is 9 a factor of 12127?
False
Is 2777 a multiple of 7?
False
Is 14 a factor of 140?
True
Is 2054 a multiple of 79?
True
Is 20 a factor of 2280?
True
Does 87 divide 15051?
True
Is 8100 a multiple of 50?
True
Does 73 divide 2822?
False
Does 24 divide 883?
False
Is 23133 a multiple of 51?
False
Is 3666 a multiple of 16?
False
Does 58 divide 21770?
False
Does 26 divide 2142?
False
Does 50 divide 10498?
False
Is 2679 a multiple of 141?
True
Is 157 a factor of 26924?
False
Is 13 a factor of 176?
False
Is 15 a factor of 30?
True
Is 13 a factor of 19652?
False
Is 26637 a multiple of 27?
False
Is 2323 a multiple of 11?
False
Does 75 divide 13650?
True
Is 351 a multiple of 27?
True
Is 602 a multiple of 74?
False
Is 28 a factor of 728?
True
Is 28 a factor of 3490?
False
Does 9 divide 1036?
False
Is 14 a factor of 278?
False
Does 33 divide 2614?
False
Is 20 a factor of 1940?
True
Is 47 a factor of 448?
False
Is 32 a factor of 23904?
True
Is 18055 a multiple of 51?
False
Is 1634 a multiple of 38?
True
Does 7 divide 12509?
True
Is 62905 a multiple of 115?
True
Is 89182 a multiple of 61?
True
Is 612 a multiple of 9?
True
Is 57 a factor of 22790?
False
Is 330 a multiple of 33?
True
Is 182750 a multiple of 25?
True
Is 36256 a multiple of 4?
True
Is 66436 a multiple of 110?
False
Is 27 a factor of 16119?
True
Does 21 divide 502?
False
Is 264 a multiple of 11?
True
Is 53 a factor of 583?
True
Does 106 divide 11006?
False
Is 6 a factor of 704?
False
Does 40 divide 2320?
True
Is 16012 a multiple of 43?
False
Is 9 a factor of 44?
False
Is 387 a multiple of 24?
False
Does 107 divide 3317?
True
Is 52 a multiple of 25?
False
Is 93 a factor of 5673?
True
Does 2 divide 5595?
False
Is 627 a multiple of 33?
True
Is 11 a factor of 313?
False
Does 43 divide 1677?
True
Is 1410 a multiple of 30?
True
Is 10 a factor of 3283?
False
Is 525 a multiple of 14?
False
Does 226 divide 77292?
True
Is 77 a factor of 154?
True
Is 5 a factor of 34460?
True
Does 13 divide 8441?
False
Is 71 a factor of 2414?
True
Is 16 a factor of 22064?
True
Is 73 a factor of 4599?
True
Is 1127 a multiple of 25?
False
Does 28 divide 192?
False
Is 30240 a multiple of 45?
True
Does 12 divide 2196?
True
Is 964 a multiple of 59?
False
Is 2 a factor of 4039?
False
Is 45 a factor of 5690?
False
Is 5411 a multiple of 24?
False
Does 6 divide 25676?
False
Does 33 divide 32309?
False
Is 2 a factor of 138?
True
Is 11 a factor of 36751?
True
Is 24 a factor of 1608?
True
Does 34 divide 468?
False
Does 26 divide 858?
True
Does 23 divide 2653?
False
Is 11724 a multiple of 15?
False
Is 630 a multiple of 3?
True
Is 11 a factor of 87758?
True
Does 7 divide 122640?
True
Does 13 divide 1959?
False
Does 110 divide 28820